 1180. What is u(-9)?
-136
Let t(z) = -7395*z - 7122. Give t(-1).
273
Let b(p) = 22*p**3 + 375*p**2 - 208*p - 3738. Determine b(-17).
87
Let k(i) = i**3 - 64*i**2 + 150*i - 1049. Give k(62).
563
Let z(s) = -152*s - 5349. Determine z(-15).
-3069
Let i(k) = 694*k - 118691. Give i(171).
-17
Let u(v) = -2*v**3 + 817*v**2 - 1209*v - 4904. Determine u(407).
-20
Let l(c) = -19145*c + 76575. Calculate l(4).
-5
Let k(d) = 9*d**2 + 60*d - 169. Give k(3).
92
Let h(y) = 1070*y**2 - 7*y - 19. What is h(2)?
4247
Let r(p) = 332*p - 3491. Determine r(10).
-171
Let s(n) = 4*n**2 + 3252*n + 12961. Give s(-4).
17
Let x(v) = -v**3 - 114*v**2 - 543*v + 208. Determine x(-109).
-10
Let c(t) = -2*t**3 - 400*t**2 + 7380*t + 447. Determine c(-217).
13
Let x(r) = -3*r**2 - 557*r - 281. Calculate x(-186).
-467
Let g(q) = -1378*q + 849990. What is g(617)?
-236
Let o(v) = -1246*v + 12155. Give o(9).
941
Let b(m) = m**3 + 151*m**2 + 3742*m + 565045. What is b(-151)?
3
Let t(z) = -8659*z - 77865. Calculate t(-9).
66
Let h(t) = -t**2 - 611*t + 15897. Give h(25).
-3
Let c(p) = -85136*p - 340535. Give c(-4).
9
Let o(k) = 74674*k - 373353. Calculate o(5).
17
Let s(p) = 50826*p + 1473956. Give s(-29).
2
Let b(m) = -m**3 + 16*m**2 + 10286*m - 134065. Determine b(13).
160
Let v(n) = -17*n**3 - 848*n**2 + 80*n - 996. Calculate v(-50).
4
Let v(f) = 2*f**3 - 276*f**2 + 1375*f + 48. Calculate v(5).
273
Let s(i) = -7634*i**2 - 91594*i + 165. Give s(-12).
-3
Let y(b) = 50*b**2 - 432*b - 675. What is y(10)?
5
Let y(k) = 2*k**2 + 114313*k - 6407805. Determine y(56).
-5
Let i(w) = 2*w**3 + 10*w**2 + 150*w - 1294. What is i(9)?
2324
Let w(c) = 3*c**3 + 46*c**2 + 41*c + 502. Give w(-15).
112
Let u(i) = -1599*i + 685979. Determine u(429).
8
Let q(a) = 4*a**3 + 6*a**2 + 181*a - 747. What is q(4)?
329
Let s(h) = -22*h**2 + 6330*h + 6331. Give s(-1).
-21
Let d(i) = -107*i - 477. Give d(-16).
1235
Let m(f) = 1088*f - 104646. What is m(96)?
-198
Let x(d) = d**2 + 826*d + 5753. Determine x(-7).
20
Let c(u) = u**3 - 176*u**2 - 811*u + 112226. What is c(177)?
8
Let q(r) = 107891*r + 14996854. Calculate q(-139).
5
Let g(i) = i**3 + 52*i**2 - 770*i - 50384. Give g(-43).
-633
Let h(y) = -y**3 - 107*y**2 + 61*y + 305. Determine h(2).
-9
Let r(i) = -37262*i + 25412692. Calculate r(682).
8
Let s(h) = -2431*h - 43799. Determine s(-18).
-41
Let n(h) = 33*h**3 - 9*h**2 + 102*h - 327. Give n(3).
789
Let z(r) = 971*r - 10863. Determine z(11).
-182
Let a(x) = -6674*x + 40182. Give a(6).
138
Let w(x) = -5*x**3 - 3*x**2 + 131*x + 588. Determine w(-5).
483
Let c(i) = -2*i**2 - 522*i + 1582. What is c(3)?
-2
Let z(y) = 382*y - 2358. Calculate z(7).
316
Let k(u) = -43*u + 5. Give k(25).
-1070
Let d(p) = 2*p**3 + 189*p**2 - 229*p - 12838. Give d(-95).
-108
Let l(a) = 5737*a - 791. What is l(0)?
-791
Let w(p) = 20912*p + 1484760. What is w(-71)?
8
Let x(n) = -n**3 - 103*n**2 + 433*n + 245. What is x(-107)?
-290
Let g(l) = -4*l**3 - 662*l**2 - 2286*l - 2917. Determine g(-162).
-1
Let p(r) = -3*r**2 + 8347*r + 634093. Determine p(-74).
-13
Let f(u) = -446*u + 23454. Give f(53).
-184
Let i(g) = -g**3 + 75*g**2 + 11477*g - 390. What is i(151)?
-239
Let h(x) = -1260*x + 7318. Determine h(5).
1018
Let s(h) = 2*h**2 - 1161*h + 58703. Give s(54).
1841
Let x(c) = -c**2 + 6335*c + 506708. Give x(-79).
2
Let a(c) = c**3 - 134*c**2 - 4476*c + 48. Give a(-28).
-1632
Let j(k) = -6771*k - 40816. Give j(-6).
-190
Let l(r) = 567*r - 5874. Calculate l(10).
-204
Let y(q) = q**3 - 6463*q**2 - 149185*q - 163. Determine y(-23).
-2
Let p(r) = -32*r**2 - 8*r + 815. What is p(5)?
-25
Let n(y) = -127302*y + 2291436. What is n(18)?
0
Let c(h) = -54*h**2 + 240*h + 1916. Give c(-4).
92
Let i(j) = j**3 - 308*j**2 + 5*j - 1545. Give i(308).
-5
Let z(m) = -m**3 - 19*m**2 + 68*m + 1277. Calculate z(-12).
-547
Let w(i) = 11650*i + 396091. Calculate w(-34).
-9
Let v(p) = -3170*p - 15839. Calculate v(-5).
11
Let k(h) = h**2 - 172*h + 7049. Calculate k(84).
-343
Let h(p) = 6*p**2 - 398*p - 3811. Determine h(-10).
769
Let s(x) = -33*x**2 - 4153*x + 613. Calculate s(-126).
-17
Let u(n) = 4*n**3 + 23*n**2 - 41*n + 82. Calculate u(2).
124
Let o(y) = 131096*y - 53356071. Calculate o(407).
1
Let i(s) = -21688*s + 2971264. Give i(137).
8
Let g(n) = -7*n**3 - 332*n**2 + 193*n - 50. Give g(-48).
-98
Let n(a) = -a**3 + 49*a**2 - 56*a - 619. Determine n(45).
4961
Let c(f) = 649*f + 2369. Determine c(-4).
-227
Let f(r) = -5*r**2 - 37978*r - 189764. What is f(-5)?
1
Let u(l) = 2*l**2 + 133*l + 2099. Determine u(-44).
119
Let b(u) = 7*u**2 - 5851*u + 34109. Calculate b(830).
79
Let i(l) = -180835*l + 1265819. What is i(7)?
-26
Let u(k) = 10959*k + 251988. What is u(-23)?
-69
Let y(w) = -w**3 + 17*w**2 - 444*w + 7599. Give y(17).
51
Let f(u) = -6*u**2 - 19393*u - 77510. What is f(-4)?
-34
Let x(t) = 6*t**2 + 18*t - 68041. Give x(105).
-1
Let a(d) = 875*d - 160150. Determine a(183).
-25
Let o(r) = -r**3 + 213*r**2 - 102*r - 23418. What is o(212)?
-98
Let v(t) = 2*t**2 - 63124*t + 91. Give v(0).
91
Let t(i) = -52822*i + 475402. Give t(9).
4
Let j(m) = 4*m**2 - 321*m - 2126. Calculate j(86).
-148
Let f(o) = -2*o**3 + 3*o**2 + 175*o - 10. Determine f(-8).
-194
Let s(c) = c**3 + 55*c**2 + 1602*c + 44382. Give s(-42).
30
Let m(f) = -170*f**2 - 29*f - 22. Calculate m(-1).
-163
Let u(s) = -1066*s + 68281. Give u(64).
57
Let n(u) = 37*u**2 - 6615*u - 757. Calculate n(179).
675
Let t(k) = k**3 - 96*k**2 + 1325*k - 43. Determine t(16).
677
Let t(d) = -d**2 + 880*d + 10108. What is t(-12)?
-596
Let r(a) = 8*a**3 - 58*a**2 - 39*a + 6. Determine r(9).
789
Let q(m) = 2*m**3 + 490*m**2 + 974*m + 581. Calculate q(-243).
95
Let o(h) = 61*h**2 - 73*h - 130. Calculate o(-1).
4
Let r(j) = -52415*j - 838440. Calculate r(-16).
200
Let y(m) = 6*m**3 + 84*m**2 + 61*m - 216. Give y(-13).
5
Let a(u) = -12924*u + 64874. Determine a(5).
254
Let r(k) = 85*k**2 - 733*k + 12. Determine r(9).
300
Let n(u) = -9*u**2 + 234*u - 61. Determine n(18).
1235
Let t(q) = 6*q**2 + 26*q + 22. Determine t(-6).
82
Let d(u) = -134809*u + 8492971. What is d(63)?
4
Let v(w) = -166*w**2 - 567*w + 60. What is v(-3)?
267
Let o(f) = -f**2 + 270*f + 13736. Calculate o(-44).
-80
Let d(v) = -4*v**2 - 1865*v - 3714. What is d(-2)?
0
Let o(i) = 2*i**3 + 274*i**2 + 1061*i - 8. Determine o(-4).
4
Let r(z) = 8627*z**2 - 8644*z + 19. Calculate r(1).
2
Let u(n) = -5*n**3 + 1297*n**2 + 772*n + 2239. Calculate u(260).
159
Let u(v) = -v**3 + 226*v**2 + 30914*v + 215. What is u(-96)?
23
Let v(k) = -5*k**3 + 614*k**2 + 88*k + 4318. Give v(123).
13
Let r(k) = -117*k - 10367. Give r(-91).
280
Let s(v) = 5*v**2 + 34*v - 645. Calculate s(-16).
91
Let a(g) = 12957*g - 1230777. Calculate a(95).
138
Let p(j) = -25825*j + 413176. Determine p(16).
-24
Let h(n) = 192*n - 4973. Determine h(20).
-1133
Let b(f) = 1593*f + 64129. Give b(-40).
409
Let r(o) = -28219*o**2 - 846566*o + 132. Give r(-30).
12
Let v(o) = -o**2 + 2633*o + 441704. What is v(-158)?
726
Let u(r) = -5*r**3 + 1131*r**2 - 231*r + 1132. Determine u(226).
2
Let k(l) = 1677*l + 461155. Give k(-275).
-20
Let h(u) = -3*u**3 - 102*u**2 + 582*u - 100. Calculate h(-39).
17
Let k(x) = 934*x**2 - 7459*x - 96. Determine k(8).
8
Let w(o) = -26*o**3 - 4*o**2 - 248*o - 244. Determine w(-1).
26
Let y(t) = t**2 + 537718*t + 66661650. Calculate y(-124).
-6
Let s(z) = 1379*z - 482658. What is s(350)?
-8
Let s(b) = -b**3 - 26*b**2 - 174*b - 36. Determine s(-10).
104
Let n(z) = z**3 - 35*z**2 + 261*z + 76. What is n(24)?
4
Let w(i) = i**3 - 1111*i**2 - 5602*i - 13. Calculate w(-5).
97
Let c(p) = 2*p**3 - 18*p**2 + 2754*p - 24706. Calculate c(9).
80
Let y(s) = -4*s**3 + 398*s**2 + 191*s + 163. Give y(100).
-737
Let i(w) = 3201*w + 11666. Calculate i(-3).
2063
Let i(f) = 2*f**3 + 118*f**2 - 313*f - 4209. Give i(-61).
0
Let k(m) = -697*m + 6013. Calculate k(9).
-260
Let c(s) = -s**3 - 8*s**2 + 96*s + 543. Give c(-5).
-12
Let m(y) = -5042*y + 307910. What is m(61)?
348
Let n(b) = -2644*b + 30441. Calculate n(12).
-1287
Let l(b) = -130277*b - 8077177. Give l(-62).
-3
Let s(y) = 967*y - 27433. Give s(25).
-3258
Let u(o) = 186*o + 1095. Give u(-6).
-21
Let n(h) = 12*h - 2152. Determine n(143).
-436
Let l(d) = 19*d + 652. What is l(9)?
823
Let f(w) = w**2 - 1266*w + 102731. Give f(87).
158
Let h(i) = 29*i*